{"id":1324,"date":"2015-03-13T15:38:45","date_gmt":"2015-03-13T15:38:45","guid":{"rendered":"http:\/\/le-castillon.be\/site\/?page_id=1324"},"modified":"2019-11-26T12:03:50","modified_gmt":"2019-11-26T12:03:50","slug":"sightseeing","status":"publish","type":"page","link":"https:\/\/le-castillon.be\/site\/?page_id=1324","title":{"rendered":"Sightseeing"},"content":{"rendered":"<table border=\"0\" width=\"1045\" align=\"center\">\n<tbody>\n<tr>\n<td>\n<table width=\"1024\">\n<tbody>\n<tr>\n<td align=\"left\" valign=\"top\" width=\"279\"><img loading=\"lazy\" decoding=\"async\" src=\"http:\/\/le-castillon.be\/images\/museemine.jpg\" alt=\"Mus\u00e9e de la mine \u00e0 Bois du Luc\" width=\"250\" height=\"300\" border=\"0\" \/><\/td>\n<td rowspan=\"4\" align=\"left\" valign=\"top\" width=\"466\">\n<h1>Sightseeing around the Castillon<\/h1>\n<p><strong><em>Trivi\u00e8res is so close to many exciting destinations !<\/em><\/strong><\/p>\n<p>Do you like walking and\/or biking ?\u00a0: The Ravel,\u00a0is a path that goes through the countryside, and joins the canal for example. \u00a0From Seneffe to Arquennes, you will discover an underlying world of history lying under every step you&rsquo;ll take.<\/p>\n<p>Do you like to discover exciting towns \u00a0?\u00a0Then check Soignies and its roman church\u00a0; Mons\u00a0: its\u00a0Grand-Place, its amazin\u00a0St-Waudru cathedral, its\u00a0Art Museums d\u2019art or\u00a0history\u00a0\u2026 ANd Mons 2015 of course, Mons is the capital of European culture all year long !<\/p>\n<p>Around the Castillon are world famous engineering prowess\u00a0: the inclined plane boat pulling device of\u00a0<a href=\"http:\/\/voiesdeau.hainaut.be\/tourisme\/voiesdeauhainaut\/fr\/template\/template.asp?page=ronquieres&amp;navcont=4,0,0\" target=\"_blank\" rel=\"noopener noreferrer\">RONQUIERES<\/a>\u00a0ou the impressive and biggest boat lift in the world\u00a0in \u00a0<a href=\"http:\/\/voiesdeau.hainaut.be\/tourisme\/voiesdeauhainaut\/fr\/template\/template.asp?page=strepy&amp;navcont=5,0,0&amp;branch=3\" target=\"_blank\" rel=\"noopener noreferrer\">Str\u00e9py-Thieu\u2026<\/a><\/p>\n<p><em>Also, you cannot leave Belgium if you haven&rsquo;t checked the<\/em>\u00a0: <a href=\"http:\/\/www.musee-mariemont.be\/\" target=\"_blank\" rel=\"noopener noreferrer\">Mariemont<\/a>\u00a0museum and park, along with its\u00a0gallo-roman collections.\u00a0<a href=\"http:\/\/www.ianchelevici.be\/\" target=\"_blank\" rel=\"noopener noreferrer\">Ianchelevici<\/a>\u00a0sculptures and the\u00a0<a href=\"http:\/\/www.artsplastiques.cfwb.be\/subventions\/arts_plastiques_et_visuels_design_et_arts_appliques\/aides_pour_projets_en_belgique\/aides_aux_maisons_deditions_et_revues\/repertoire_des_maisons_deditions_et_revues_subventionnees\/daily_bul\/\" target=\"_blank\" rel=\"noopener noreferrer\">Daily Bul<\/a>, and the\u00a0<a href=\"http:\/\/www.centredelagravure.be\/\" target=\"_blank\" rel=\"noopener noreferrer\">centre de la Gravure<\/a>\u00a0in La Louvi\u00e8re,\u00a0which is unique in Belgium.<\/p>\n<p>In love with History ? Then go and check <a title=\"Waterloo\" href=\"http:\/\/fr.wikipedia.org\/wiki\/Waterloo\" target=\"_blank\" rel=\"noopener noreferrer\">Waterloo<\/a>, the battlefield where Napoleon was beaten by the English. There is also\u00a0<a href=\"http:\/\/www.ecomuseeboisduluc.be\/accueil.html\" target=\"_blank\" rel=\"noopener noreferrer\">l\u2019\u00e9comus\u00e9e et le mus\u00e9e de la mine de Bois du Luc<\/a>\u00a0or the coal mine site of the\u00a0<a href=\"http:\/\/www.leboisducazier.be\/\" target=\"_blank\" rel=\"noopener noreferrer\">Bois du Cazier<\/a>, the\u00a0<a href=\"http:\/\/fr.wikipedia.org\/wiki\/Ascenseurs_%C3%A0_bateaux_du_Canal_du_Centre\" target=\"_blank\" rel=\"noopener noreferrer\">boat lifts of the canal du Centre<\/a>\u2026 Why not try a boat trip over the canal, going through locks, and then have your tea \u00e0<a href=\"http:\/\/www.lacantinedesitaliens.be\/\" target=\"_blank\" rel=\"noopener noreferrer\">la cantine des Italiens<\/a>\u00a0?<\/p>\n<p><em>A major attraction of Wallonia<\/em><a href=\"http:\/\/www.paradisio.be\/fr\/index.html\" target=\"_blank\" rel=\"noopener noreferrer\">Pairi Daiza park <\/a>(\u00ab\u00a0Closed garden\u00a0\u00bb, in Persian )(New name of formerly named Paradision). Elephants, girafes and recenlty official host of Xinhui (\u00ab\u00a0Sparkling star\u00a0\u00bb in Chinese) et Haohao (\u00ab\u00a0Gentle\u00a0\u00bb in chinese) enter the indonesian village and feel relaxed in the chinese gardens, Also plenty outdoor playgrounds that would ravish any child are available. That is a place that pleases anyone at any age !<\/p>\n<p><em>Those in love with Folklore, an amazing museum is a must see : <\/em>\u00a0: <a href=\"http:\/\/www.museedumasque.be\/\" target=\"_blank\" rel=\"noopener noreferrer\">le Mus\u00e9e du Masque<\/a> in BINCHE\u2026<\/p>\n<p>Without forgetting, of course <em>Carnivals from the R\u00e9gion du Centre<\/em>\u00a0: <em>Binche, La Louvi\u00e8re<\/em>, \u2026. and another famous one in Mons,\u00a0 The \u00ab\u00a0DOUDOU\u00a0\u00bb, its procession and its well-know Combat between the Dragon and Saint-Georges !<\/p>\n<p>If you do come in September, you might have the chance to see &lsquo;D\u00e9crocher La Lune&rsquo;, in La Louvi\u00e8re <em>A spectacle from the world famous Franco Dragone<\/em>, from La Louvi\u00e8re. He is the author and creator of the Cirque du Soleil\u00a0!<\/p>\n<p align=\"center\"><em>\u00a0Christiane and Pasquale will provide you with all the leaflets you need to reach these fantastic places\u00a0!<\/em><\/p>\n<\/td>\n<td align=\"right\" valign=\"top\" width=\"265\"><img loading=\"lazy\" decoding=\"async\" src=\"http:\/\/le-castillon.be\/images\/ascenseurs.jpg\" alt=\"Le petit dejeuner des chambres d'h\u00f4tes du Castillon\" width=\"250\" height=\"300\" align=\"right\" border=\"0\" \/><\/td>\n<\/tr>\n<tr>\n<td align=\"left\" valign=\"top\" width=\"279\"><img loading=\"lazy\" decoding=\"async\" src=\"http:\/\/le-castillon.be\/images\/decrocherlalune.jpg\" alt=\"Decrocher la lune\" width=\"250\" height=\"300\" align=\"top\" border=\"0\" \/><\/td>\n<td align=\"right\" valign=\"top\"><img loading=\"lazy\" decoding=\"async\" src=\"http:\/\/le-castillon.be\/images\/gilles.jpg\" alt=\"Curiosit\u00e9s autour du castillon Le carnaval de Binche\" width=\"250\" height=\"300\" border=\"0\" \/><\/td>\n<\/tr>\n<tr>\n<td align=\"left\" valign=\"top\" width=\"279\"><img loading=\"lazy\" decoding=\"async\" src=\"http:\/\/le-castillon.be\/images\/mariemont.jpg\" alt=\"Visitez le parc et le mus\u00e9e de Mariemont pr\u00e8s du Castillon\" width=\"250\" height=\"300\" border=\"0\" \/><\/td>\n<td align=\"right\" valign=\"top\" height=\"184\"><img loading=\"lazy\" decoding=\"async\" src=\"http:\/\/le-castillon.be\/images\/paradisio.jpg\" alt=\"Le Parc Pairi Daiza, anciennement Parc paradisio\" width=\"250\" height=\"300\" border=\"0\" \/><\/td>\n<\/tr>\n<tr>\n<td align=\"left\" valign=\"top\" width=\"279\"><\/td>\n<td align=\"right\" valign=\"top\"><\/td>\n<\/tr>\n<tr>\n<td align=\"left\" valign=\"top\"><\/td>\n<td><\/td>\n<td align=\"right\" valign=\"top\"><\/td>\n<\/tr>\n<\/tbody>\n<\/table>\n<\/td>\n<\/tr>\n<tr>\n<td align=\"center\"><\/td>\n<\/tr>\n<\/tbody>\n<\/table>\n","protected":false},"excerpt":{"rendered":"<p>Sightseeing around the Castillon Trivi\u00e8res is so close to many exciting destinations ! Do you like walking and\/or biking ?\u00a0: The Ravel,\u00a0is a path that goes through the countryside, and joins the canal for example. \u00a0From Seneffe to Arquennes, you will discover an underlying world of history lying under every step you&rsquo;ll take. Do you like to discover exciting towns \u00a0?\u00a0Then check Soignies and its roman church\u00a0; Mons\u00a0: its\u00a0Grand-Place, its<a href=\"https:\/\/le-castillon.be\/site\/?page_id=1324\">[&#8230;]<\/a><\/p>\n","protected":false},"author":1,"featured_media":0,"parent":0,"menu_order":0,"comment_status":"open","ping_status":"closed","template":"template-full.php","meta":{"jetpack_post_was_ever_published":false,"footnotes":""},"language":[],"class_list":["post-1324","page","type-page","status-publish","hentry"],"aioseo_notices":[],"jetpack_sharing_enabled":true,"jetpack_shortlink":"https:\/\/wp.me\/P5PFRI-lm","jetpack_likes_enabled":true,"_links":{"self":[{"href":"https:\/\/le-castillon.be\/site\/index.php?rest_route=\/wp\/v2\/pages\/1324","targetHints":{"allow":["GET"]}}],"collection":[{"href":"https:\/\/le-castillon.be\/site\/index.php?rest_route=\/wp\/v2\/pages"}],"about":[{"href":"https:\/\/le-castillon.be\/site\/index.php?rest_route=\/wp\/v2\/types\/page"}],"author":[{"embeddable":true,"href":"https:\/\/le-castillon.be\/site\/index.php?rest_route=\/wp\/v2\/users\/1"}],"replies":[{"embeddable":true,"href":"https:\/\/le-castillon.be\/site\/index.php?rest_route=%2Fwp%2Fv2%2Fcomments&post=1324"}],"version-history":[{"count":14,"href":"https:\/\/le-castillon.be\/site\/index.php?rest_route=\/wp\/v2\/pages\/1324\/revisions"}],"predecessor-version":[{"id":3651,"href":"https:\/\/le-castillon.be\/site\/index.php?rest_route=\/wp\/v2\/pages\/1324\/revisions\/3651"}],"wp:attachment":[{"href":"https:\/\/le-castillon.be\/site\/index.php?rest_route=%2Fwp%2Fv2%2Fmedia&parent=1324"}],"wp:term":[{"taxonomy":"language","embeddable":true,"href":"https:\/\/le-castillon.be\/site\/index.php?rest_route=%2Fwp%2Fv2%2Flanguage&post=1324"}],"curies":[{"name":"wp","href":"https:\/\/api.w.org\/{rel}","templated":true}]}}